{"id":192,"date":"2023-03-23T14:39:39","date_gmt":"2023-03-23T14:39:39","guid":{"rendered":"https:\/\/weberhof.info\/?page_id=192"},"modified":"2026-01-29T16:50:30","modified_gmt":"2026-01-29T16:50:30","slug":"preise","status":"publish","type":"page","link":"https:\/\/weberhof.info\/index.php\/preise\/","title":{"rendered":"Preise"},"content":{"rendered":"\t\t<div data-elementor-type=\"wp-page\" data-elementor-id=\"192\" class=\"elementor elementor-192\">\n\t\t\t\t\t\t\t\t\t<section class=\"elementor-section elementor-top-section elementor-element elementor-element-4ceaf84 elementor-section-boxed elementor-section-height-default elementor-section-height-default\" data-id=\"4ceaf84\" data-element_type=\"section\">\n\t\t\t\t\t\t<div class=\"elementor-container elementor-column-gap-default\">\n\t\t\t\t\t<div class=\"elementor-column elementor-col-33 elementor-top-column elementor-element elementor-element-e63f20e\" data-id=\"e63f20e\" data-element_type=\"column\" data-settings=\"{&quot;background_background&quot;:&quot;gradient&quot;}\">\n\t\t\t<div class=\"elementor-widget-wrap elementor-element-populated\">\n\t\t\t\t\t\t\t\t<div class=\"elementor-element elementor-element-b9e0d4e elementor-widget__width-initial elementor-widget elementor-widget-text-editor\" data-id=\"b9e0d4e\" data-element_type=\"widget\" data-settings=\"{&quot;motion_fx_motion_fx_scrolling&quot;:&quot;yes&quot;,&quot;motion_fx_devices&quot;:[&quot;desktop&quot;,&quot;tablet&quot;,&quot;mobile&quot;]}\" data-widget_type=\"text-editor.default\">\n\t\t\t\t<div class=\"elementor-widget-container\">\n\t\t\t<style>\/*! elementor - v3.17.0 - 08-11-2023 *\/\n.elementor-widget-text-editor.elementor-drop-cap-view-stacked .elementor-drop-cap{background-color:#69727d;color:#fff}.elementor-widget-text-editor.elementor-drop-cap-view-framed .elementor-drop-cap{color:#69727d;border:3px solid;background-color:transparent}.elementor-widget-text-editor:not(.elementor-drop-cap-view-default) .elementor-drop-cap{margin-top:8px}.elementor-widget-text-editor:not(.elementor-drop-cap-view-default) .elementor-drop-cap-letter{width:1em;height:1em}.elementor-widget-text-editor .elementor-drop-cap{float:left;text-align:center;line-height:1;font-size:50px}.elementor-widget-text-editor .elementor-drop-cap-letter{display:inline-block}<\/style>\t\t\t\t<h4><strong>Hauptsaison:<\/strong><\/h4><p>01.12.-31.03.<br \/>01.07.-31.08. <br \/><strong>ab 65 \u20ac<\/strong><\/p><h4><b>Nebensaison:<\/b><\/h4><p>01.04.-30.06.<br \/>01.09.-30.11.<br \/><strong>ab 60 \u20ac<\/strong><\/p>\t\t\t\t\t\t<\/div>\n\t\t\t\t<\/div>\n\t\t\t\t<div class=\"elementor-element elementor-element-a0325ed elementor-widget elementor-widget-image\" data-id=\"a0325ed\" data-element_type=\"widget\" data-widget_type=\"image.default\">\n\t\t\t\t<div class=\"elementor-widget-container\">\n\t\t\t<style>\/*! elementor - v3.17.0 - 08-11-2023 *\/\n.elementor-widget-image{text-align:center}.elementor-widget-image a{display:inline-block}.elementor-widget-image a img[src$=\".svg\"]{width:48px}.elementor-widget-image img{vertical-align:middle;display:inline-block}<\/style>\t\t\t\t\t\t\t\t\t\t\t\t<img loading=\"lazy\" decoding=\"async\" width=\"300\" height=\"199\" src=\"https:\/\/weberhof.info\/wp-content\/uploads\/2023\/03\/1-300x199.jpg\" class=\"attachment-medium size-medium wp-image-79\" alt=\"\" srcset=\"https:\/\/weberhof.info\/wp-content\/uploads\/2023\/03\/1-300x199.jpg 300w, https:\/\/weberhof.info\/wp-content\/uploads\/2023\/03\/1-1024x678.jpg 1024w, https:\/\/weberhof.info\/wp-content\/uploads\/2023\/03\/1-768x509.jpg 768w, https:\/\/weberhof.info\/wp-content\/uploads\/2023\/03\/1.jpg 1200w\" sizes=\"auto, (max-width: 300px) 100vw, 300px\" \/>\t\t\t\t\t\t\t\t\t\t\t\t\t\t\t<\/div>\n\t\t\t\t<\/div>\n\t\t\t\t\t<\/div>\n\t\t<\/div>\n\t\t\t\t<div class=\"elementor-column elementor-col-66 elementor-top-column elementor-element elementor-element-93da691\" data-id=\"93da691\" data-element_type=\"column\">\n\t\t\t<div class=\"elementor-widget-wrap elementor-element-populated\">\n\t\t\t\t\t\t\t\t<div class=\"elementor-element elementor-element-6c9d21a elementor-widget elementor-widget-text-editor\" data-id=\"6c9d21a\" data-element_type=\"widget\" data-widget_type=\"text-editor.default\">\n\t\t\t\t<div class=\"elementor-widget-container\">\n\t\t\t\t\t\t\t<p>Die Preise verstehen sich bei einer <strong>Mindestaufenthaltsdauer von 5 Tagen, bei 2-Personen-Belegung pro Tag<\/strong>. F\u00fcr jede weitere Person wird ein Aufpreis von 15 \u20ac pro Tag berechnet. Bei einem Aufenthalt zwischen 3 bis 4 Tagen, ist es dem Betrieb vorbehalten, einen Zuschlag von 10,00\u20ac pro Tag\/Wohnung zu berechnen.<\/p><p>Die gesetzliche Ortstaxe von 2,50\u20ac\/Tag pro Person wird gesondert berechnet. Kinder bis 14 Jahre sind davon ausgenommen.<\/p><p><strong>Reservierungen sind erst dann bindend, wenn beiderseits eine schriftliche Best\u00e4tigung vorliegt.<\/strong><\/p><p>Bitte teilen Sie uns Ihre ungef\u00e4hre Ankunftszeit mit, damit wir Sie pers\u00f6nlich begr\u00fc\u00dfen k\u00f6nnen. Am Abreisetag ersuchen wir Sie, die Wohnung bis <strong>sp\u00e4testens 10.00 Uhr<\/strong> zur Endreinigung freizugeben.<\/p><p>Wir bitten um Verst\u00e4ndnis, dass aus R\u00fccksicht auf Allergiker, Haustiere in unseren Appartements nicht erlaubt sind.<\/p><p><strong><em>Inklusivleistungen:<\/em><\/strong><\/p><p><strong><em>\u00a0<\/em><\/strong>Holidaypass: Freie Nutzung der \u00f6ffentlichen Verkehrsmittel wie Linienbusse, Skibusse und Regionalz\u00fcge in ganz S\u00fcdtirol, sowie ein erlebnisreiches Wochenprogramm mit Erm\u00e4\u00dfigungen f\u00fcr\u00a0 zahlreiche Leistungen (Museumsbesuche u.v.m.). Au\u00dferdem bef\u00e4higt Sie der Pass an der Teilnahme an allen geplanten\u00a0 Programmen des \u201eKron Aktiv\u201c (gef\u00fchrte Wanderungen, Radtouren, Kinderprogramm u.v.m.)\u00a0<\/p><ul><li>Kostenloses WLAN<\/li><li>Gro\u00dfer Privatparkplatz am Hof<\/li><li>Zustellbett, sowie Hochstuhl f\u00fcr Kleinkinder<\/li><li>Depot f\u00fcr Ski\/Snowboard<\/li><li>Garten mit Sitz- und Liegem\u00f6glichkeiten<\/li><li>Kinderspielplatz<\/li><li>Grillm\u00f6glichkeit auf Anfrage<\/li><li>Infos und Tipps f\u00fcr Ihren Urlaub<\/li><\/ul>\t\t\t\t\t\t<\/div>\n\t\t\t\t<\/div>\n\t\t\t\t\t<\/div>\n\t\t<\/div>\n\t\t\t\t\t\t\t<\/div>\n\t\t<\/section>\n\t\t\t\t\t\t\t<\/div>\n\t\t","protected":false},"excerpt":{"rendered":"<p>Hauptsaison: 01.12.-31.03.01.07.-31.08. ab 65 \u20ac Nebensaison: 01.04.-30.06.01.09.-30.11.ab 60 \u20ac Die Preise verstehen sich bei einer Mindestaufenthaltsdauer von 5 Tagen, bei 2-Personen-Belegung pro Tag. F\u00fcr jede weitere Person wird ein Aufpreis von 15 \u20ac pro Tag berechnet. Bei einem Aufenthalt zwischen 3 bis 4 Tagen, ist es dem Betrieb vorbehalten, einen Zuschlag von 10,00\u20ac pro Tag\/Wohnung [&hellip;]<\/p>\n","protected":false},"author":1,"featured_media":0,"parent":0,"menu_order":0,"comment_status":"closed","ping_status":"closed","template":"","meta":{"footnotes":""},"class_list":["post-192","page","type-page","status-publish","hentry"],"_links":{"self":[{"href":"https:\/\/weberhof.info\/index.php\/wp-json\/wp\/v2\/pages\/192","targetHints":{"allow":["GET"]}}],"collection":[{"href":"https:\/\/weberhof.info\/index.php\/wp-json\/wp\/v2\/pages"}],"about":[{"href":"https:\/\/weberhof.info\/index.php\/wp-json\/wp\/v2\/types\/page"}],"author":[{"embeddable":true,"href":"https:\/\/weberhof.info\/index.php\/wp-json\/wp\/v2\/users\/1"}],"replies":[{"embeddable":true,"href":"https:\/\/weberhof.info\/index.php\/wp-json\/wp\/v2\/comments?post=192"}],"version-history":[{"count":39,"href":"https:\/\/weberhof.info\/index.php\/wp-json\/wp\/v2\/pages\/192\/revisions"}],"predecessor-version":[{"id":600,"href":"https:\/\/weberhof.info\/index.php\/wp-json\/wp\/v2\/pages\/192\/revisions\/600"}],"wp:attachment":[{"href":"https:\/\/weberhof.info\/index.php\/wp-json\/wp\/v2\/media?parent=192"}],"curies":[{"name":"wp","href":"https:\/\/api.w.org\/{rel}","templated":true}]}}